{"id":7,"date":"2025-08-26T07:31:05","date_gmt":"2025-08-26T07:31:05","guid":{"rendered":"http:\/\/luciedurand.fr\/?page_id=7"},"modified":"2025-09-25T19:55:20","modified_gmt":"2025-09-25T19:55:20","slug":"a-propos","status":"publish","type":"page","link":"https:\/\/luciedurand.fr\/?page_id=7","title":{"rendered":"\u00c0 propos"},"content":{"rendered":"\n<div class=\"wp-block-columns is-style-default is-layout-flex wp-container-core-columns-is-layout-28f84493 wp-block-columns-is-layout-flex\">\n<div class=\"wp-block-column is-vertically-aligned-center is-layout-flow wp-block-column-is-layout-flow\" style=\"flex-basis:50%\">\n<figure class=\"wp-block-image size-large has-custom-border is-style-default wp-duotone-unset-1\"><img loading=\"lazy\" decoding=\"async\" width=\"1024\" height=\"1024\" src=\"https:\/\/luciedurand.fr\/wp-content\/uploads\/2025\/08\/Illustration_sans_titre-1024x1024.png\" alt=\"\" class=\"wp-image-80\" style=\"border-style:none;border-width:0px\" srcset=\"https:\/\/luciedurand.fr\/wp-content\/uploads\/2025\/08\/Illustration_sans_titre-1024x1024.png 1024w, https:\/\/luciedurand.fr\/wp-content\/uploads\/2025\/08\/Illustration_sans_titre-300x300.png 300w, https:\/\/luciedurand.fr\/wp-content\/uploads\/2025\/08\/Illustration_sans_titre-150x150.png 150w, https:\/\/luciedurand.fr\/wp-content\/uploads\/2025\/08\/Illustration_sans_titre-768x768.png 768w, https:\/\/luciedurand.fr\/wp-content\/uploads\/2025\/08\/Illustration_sans_titre-1536x1536.png 1536w, https:\/\/luciedurand.fr\/wp-content\/uploads\/2025\/08\/Illustration_sans_titre.png 2048w\" sizes=\"auto, (max-width: 1024px) 100vw, 1024px\" \/><\/figure>\n<\/div>\n\n\n\n<div class=\"wp-block-column is-layout-flow wp-block-column-is-layout-flow\" style=\"flex-basis:66.66%\">\n<p>Apr\u00e8s une premi\u00e8re exp\u00e9rience dans les Ressources Humaines, je me suis orient\u00e9e vers le domaine \u00e9ducatif. J&rsquo;ai travaill\u00e9 notamment aupr\u00e8s de jeunes en situation de d\u00e9crochage scolaire en tant que formatrice et coordinatrice d&rsquo;un dispositif d&rsquo;accompagnement au sein de l&rsquo;Acad\u00e9mie des projets de vie. Notre d\u00e9marche s&rsquo;appuyait sur la connaissance de soi, les ressorts de la motivation et l&rsquo;orientation avec le projet de vie.<\/p>\n<\/div>\n<\/div>\n\n\n\n<p>Depuis 2024, j&rsquo;ai repris un cursus de formation en Psychologie au sein de l&rsquo;Universit\u00e9 d&rsquo;Angers. En parall\u00e8le, j&rsquo;ai suivi la formation de Psychopraticien en th\u00e9rapie br\u00e8ve, strat\u00e9gique et syst\u00e9mique selon le mod\u00e8le de Palo Alto au sein du centre <a href=\"https:\/\/a180degres.com\" data-type=\"link\" data-id=\"https:\/\/a180degres.com\">A 180\u00b0 \/ Chagrin scolaire<\/a>.<\/p>\n\n\n\n<p>Aujourd&rsquo;hui, j&rsquo;accompagne en tant que th\u00e9rapeute syst\u00e9micienne (sous la supervision des th\u00e9rapeutes exp\u00e9riment\u00e9s du centre A 180\u00b0 \/ Chagrin scolaire) tout en continuant \u00e0 me former dans le domaine.<\/p>\n\n\n\n<hr class=\"wp-block-separator has-alpha-channel-opacity\"\/>\n\n\n\n<p><strong>Formations :<\/strong><\/p>\n\n\n\n<ul class=\"wp-block-list\">\n<li>Psychopraticien en th\u00e9rapie br\u00e8ve, strat\u00e9gique et syst\u00e9mique selon le mod\u00e8le de Palo Alto (Chagrin scolaire \/ A 180\u00b0) &#8211; 2025<\/li>\n\n\n\n<li>Licence de Psychologie \u00e0 l&rsquo;Universit\u00e9 d&rsquo;Angers (en cours)<\/li>\n\n\n\n<li>Renforcer les comp\u00e9tences psychosociales des enfants et des adolescents (IREPS) &#8211; 2023<\/li>\n\n\n\n<li>Eduquer \u00e0 la vie affective et sexuelle (enfants et adolescents) (IREPS) &#8211; 2023<\/li>\n\n\n\n<li>PPSSM (Premiers Secours en Sant\u00e9 Mentale) &#8211; 2021<\/li>\n<\/ul>\n\n\n\n<p class=\"has-text-align-center\"><\/p>\n\n\n\n<p><\/p>\n","protected":false},"excerpt":{"rendered":"<p>Apr\u00e8s une premi\u00e8re exp\u00e9rience dans les Ressources Humaines, je me suis orient\u00e9e vers le domaine \u00e9ducatif. J&rsquo;ai travaill\u00e9 notamment aupr\u00e8s de jeunes en situation de d\u00e9crochage scolaire en tant que formatrice et coordinatrice d&rsquo;un dispositif d&rsquo;accompagnement au sein de l&rsquo;Acad\u00e9mie des projets de vie. Notre d\u00e9marche s&rsquo;appuyait sur la connaissance de soi, les ressorts de [&hellip;]<\/p>\n","protected":false},"author":1,"featured_media":0,"parent":0,"menu_order":3,"comment_status":"closed","ping_status":"closed","template":"","meta":{"footnotes":""},"class_list":["post-7","page","type-page","status-publish","hentry"],"_links":{"self":[{"href":"https:\/\/luciedurand.fr\/index.php?rest_route=\/wp\/v2\/pages\/7","targetHints":{"allow":["GET"]}}],"collection":[{"href":"https:\/\/luciedurand.fr\/index.php?rest_route=\/wp\/v2\/pages"}],"about":[{"href":"https:\/\/luciedurand.fr\/index.php?rest_route=\/wp\/v2\/types\/page"}],"author":[{"embeddable":true,"href":"https:\/\/luciedurand.fr\/index.php?rest_route=\/wp\/v2\/users\/1"}],"replies":[{"embeddable":true,"href":"https:\/\/luciedurand.fr\/index.php?rest_route=%2Fwp%2Fv2%2Fcomments&post=7"}],"version-history":[{"count":13,"href":"https:\/\/luciedurand.fr\/index.php?rest_route=\/wp\/v2\/pages\/7\/revisions"}],"predecessor-version":[{"id":170,"href":"https:\/\/luciedurand.fr\/index.php?rest_route=\/wp\/v2\/pages\/7\/revisions\/170"}],"wp:attachment":[{"href":"https:\/\/luciedurand.fr\/index.php?rest_route=%2Fwp%2Fv2%2Fmedia&parent=7"}],"curies":[{"name":"wp","href":"https:\/\/api.w.org\/{rel}","templated":true}]}}